{"id":304,"date":"2025-05-18T18:06:53","date_gmt":"2025-05-18T18:06:53","guid":{"rendered":"https:\/\/feuerwehr-pratteln.ch\/?page_id=304"},"modified":"2026-04-07T05:19:16","modified_gmt":"2026-04-07T05:19:16","slug":"brizy-304","status":"publish","type":"page","link":"https:\/\/feuerwehr-pratteln.ch\/?page_id=304","title":{"rendered":"Schl\u00fcsselh\u00fclsen"},"content":{"rendered":"<div class=\"brz brz-root__container brz-reset-all brz-root__container-page\">\n<section id=\"00bb2fde6dfc08b8c1a0_bQnl5zwVF_pr\" class=\"brz-section brz-css-1su4f24 brz-css-1o4l8es\">\n<div class=\"brz-section__content brz-section--boxed brz-css-146jwov brz-css-bwz6mc\" data-brz-custom-id=\"wHyG2g2WRxoG\">\n<div class=\"brz-bg\">\n<div class=\"brz-bg-color\"><\/div>\n<\/div>\n<div class=\"brz-container brz-css-1vjchw brz-css-xbed42\">\n<div class=\"brz-row__container brz-css-h372of brz-css-11794zr\" data-brz-custom-id=\"sUvmbXMLhkUh\">\n<div class=\"brz-row brz-css-hpxuct brz-css-1e4ktqp brz-css-1c74trh\">\n<div class=\"brz-columns brz-css-188sjsm brz-css-jarlvo\" data-brz-custom-id=\"ulE6qgpMis1q\">\n<div class=\"brz-column__items brz-css-1405kiu brz-css-1rmipvu\">\n<div id=\"\" class=\"brz-css-3kgd6l brz-css-1otiujg brz-wrapper\">\n<div class=\"brz-rich-text brz-rich-text__custom brz-css-jm1yha brz-css-5hpele\" data-brz-custom-id=\"ePEWCHPUSx7G\">\n<div data-brz-translate-text=\"1\">\n<h1 class=\"brz-tp-lg-heading1 brz-css-yBMsE\" data-generated-css=\"brz-css-wd2ei\" data-uniq-id=\"kfxs0\"><span class=\"brz-cp-color8\">Schl\u00fcsselh\u00fclsen<\/span><\/h1>\n<\/div>\n<\/div>\n<\/div>\n<div id=\"\" class=\"brz-css-3kgd6l brz-css-vmy8p3 brz-css-y2ujko brz-wrapper\">\n<div class=\"brz-spacer brz-css-6jo8xy brz-css-qcbd1s\"><\/div>\n<\/div>\n<div id=\"\" class=\"brz-css-3kgd6l brz-css-eiiem7 brz-wrapper\">\n<div class=\"brz-rich-text brz-rich-text__custom brz-css-jm1yha brz-css-dbx014\" data-brz-custom-id=\"d1Kpu_BVzPUn\">\n<div data-brz-translate-text=\"1\">\n<p class=\"brz-tp-lg-subtitle brz-text-lg-left brz-css-vFTlC\" data-uniq-id=\"jtRIj\" data-generated-css=\"brz-css-qaeus\"><span class=\"brz-cp-color8\">Bei einem Alarm von einer Brandmelde- oder Springkleranlage muss die Feuerwehr m\u00f6glichst schnell ins betroffene Geb\u00e4ude kommen. Hierf\u00fcr ben\u00f6tigt sie einen Hauptschl\u00fcssel. Dieser befindet sich in einer sogenannten Schl\u00fcsselh\u00fclse, auch Schl\u00fcsselrohr genannt.<\/span><\/p>\n<p class=\"brz-tp-lg-subtitle brz-text-lg-left brz-css-lM__2\" data-uniq-id=\"a4bAT\" data-generated-css=\"brz-css-zGjxl\"><\/p>\n<p class=\"brz-tp-lg-subtitle brz-text-lg-left brz-css-kq0Yy\" data-uniq-id=\"mVIw_\" data-generated-css=\"brz-css-wezES\"><span class=\"brz-cp-color8\">Die Schl\u00fcsselh\u00fclsen sind \u00e4usserst solide und nur mit dem passenden Schl\u00fcssel zu \u00f6ffnen. Schl\u00fcsselh\u00fclsen werden vom Eigent\u00fcmer zu seinen Lasten versetzt.<\/span><\/p>\n<p class=\"brz-tp-lg-subtitle brz-text-lg-left brz-css-mooXj\" data-uniq-id=\"iJltL\" data-generated-css=\"brz-css-zrhHb\"><\/p>\n<\/div>\n<\/div>\n<\/div>\n<div id=\"\" class=\"brz-css-3kgd6l brz-css-vmy8p3 brz-css-o5dm46 brz-wrapper\">\n<div class=\"brz-spacer brz-css-6jo8xy brz-css-2pkcsx\"><\/div>\n<\/div>\n<\/div>\n<\/div>\n<div class=\"brz-columns brz-css-188sjsm brz-css-ii8sxo\" data-brz-custom-id=\"cVEqq10H_NzX\">\n<div class=\"brz-column__items brz-css-1405kiu brz-css-1cj79xo\">\n<div id=\"\" class=\"brz-css-3kgd6l brz-css-bgzu5n brz-wrapper\">\n<div class=\"brz-image brz-css-i8lvkh brz-css-13167t2\" data-brz-custom-id=\"qd3c0lL0Sc9A\"><img decoding=\"async\" class=\"brz-img\" src=\"https:\/\/feuerwehr-pratteln.ch\/wp-content\/uploads\/brizy\/imgs\/i286260064347309561-555x740x0x96x555x548x1747635624.jpg\" alt=\"\" title=\"i286260064347309561\" loading=\"lazy\"><\/div>\n<\/div>\n<\/div>\n<\/div>\n<\/div>\n<\/div>\n<\/div>\n<\/div>\n<\/section><\/div>\n<p><!-- version:1755176259 --><\/p>\n","protected":false},"excerpt":{"rendered":"<p>Schl\u00fcsselh\u00fclsen Bei einem Alarm von einer Brandmelde- oder Springkleranlage muss die Feuerwehr m\u00f6glichst schnell ins betroffene Geb\u00e4ude kommen. Hierf\u00fcr ben\u00f6tigt sie einen Hauptschl\u00fcssel. Dieser befindet sich in einer sogenannten Schl\u00fcsselh\u00fclse, auch Schl\u00fcsselrohr genannt. Die Schl\u00fcsselh\u00fclsen sind \u00e4usserst solide und nur mit dem passenden Schl\u00fcssel zu \u00f6ffnen. Schl\u00fcsselh\u00fclsen werden vom Eigent\u00fcmer zu seinen Lasten versetzt.<\/p>\n","protected":false},"author":1,"featured_media":0,"parent":0,"menu_order":0,"comment_status":"closed","ping_status":"closed","template":"brizy-blank-template.php","meta":{"_themeisle_gutenberg_block_has_review":false,"footnotes":""},"class_list":["post-304","page","type-page","status-publish","hentry"],"brizy_media":[{"id":324,"url":"https:\/\/feuerwehr-pratteln.ch\/wp-content\/uploads\/2025\/05\/i286260064347309561.jpg","name":"i286260064347309561.jpg","meta":{"brizy_attachment_uid":"wp-bf53ab5414f3feb0292e5cf2a691613a.jpg","brizy_post_uid":["dc451183c2435a171f3b5be7392d2219"]}}],"_links":{"self":[{"href":"https:\/\/feuerwehr-pratteln.ch\/index.php?rest_route=\/wp\/v2\/pages\/304","targetHints":{"allow":["GET"]}}],"collection":[{"href":"https:\/\/feuerwehr-pratteln.ch\/index.php?rest_route=\/wp\/v2\/pages"}],"about":[{"href":"https:\/\/feuerwehr-pratteln.ch\/index.php?rest_route=\/wp\/v2\/types\/page"}],"author":[{"embeddable":true,"href":"https:\/\/feuerwehr-pratteln.ch\/index.php?rest_route=\/wp\/v2\/users\/1"}],"replies":[{"embeddable":true,"href":"https:\/\/feuerwehr-pratteln.ch\/index.php?rest_route=%2Fwp%2Fv2%2Fcomments&post=304"}],"version-history":[{"count":9,"href":"https:\/\/feuerwehr-pratteln.ch\/index.php?rest_route=\/wp\/v2\/pages\/304\/revisions"}],"predecessor-version":[{"id":558,"href":"https:\/\/feuerwehr-pratteln.ch\/index.php?rest_route=\/wp\/v2\/pages\/304\/revisions\/558"}],"wp:attachment":[{"href":"https:\/\/feuerwehr-pratteln.ch\/index.php?rest_route=%2Fwp%2Fv2%2Fmedia&parent=304"}],"curies":[{"name":"wp","href":"https:\/\/api.w.org\/{rel}","templated":true}]}}